e 3.
102
What is -22 (base 4) in base 2?
-1010
What is 8 (base 13) in base 2?
1000
0 (base 13) to base 5
0
Convert -1115 (base 6) to base 9.
-322
What is -d (base 14) in base 11?
-12
Convert -431 (base 7) to base 12.
-162
3 (base 13) to base 9
3
What is 4 (base 13) in base 3?
11
a0 (base 14) to base 5
1030
What is 18 (base 11) in base 4?
103
What is -1102 (base 4) in base 10?
-82
What is 3 (base 6) in base 13?
3
-10 (base 3) to base 9
-3
What is 111100 (base 2) in base 13?
48
-120 (base 3) to base 6
-23
Convert -5b (base 16) to base 12.
-77
What is 5 (base 10) in base 4?
11
-2 (base 6) to base 2
-10
2 (base 15) to base 2
10
-12 (base 13) to base 12
-13
-9 (base 15) to base 9
-10
Convert -10 (base 3) to base 6.
-3
What is -10010 (base 4) in base 7?
-521
Convert 221 (base 3) to base 6.
41
Convert -2122 (base 3) to base 5.
-241
-5 (base 11) to base 7
-5
Convert -222 (base 4) to base 7.
-60
Convert 110 (base 2) to base 7.
6
-11 (base 3) to base 2
-100
What is 3 (base 9) in base 3?
10
What is 13 (base 16) in base 11?
18
Convert 16 (base 7) to base 9.
14
166 (base 9) to base 7
261
-332 (base 6) to base 5
-1003
What is -20a (base 12) in base 11?
-251
-11 (base 15) to base 12
-14
-2120 (base 4) to base 9
-178
Convert 10 (base 10) to base 14.
a
Convert -22b (base 12) to base 4.
-11003
What is 66 (base 8) in base 10?
54
50 (base 6) to base 14
22
What is -2 (base 10) in base 11?
-2
What is -56 (base 9) in base 13?
-3c
10002 (base 3) to base 11
76
Convert 2 (base 5) to base 15.
2
Convert -1113 (base 4) to base 11.
-7a
Convert 3 (base 4) to base 3.
10
What is -71 (base 9) in base 14?
-48
What is 142 (base 5) in base 14?
35
Convert -22 (base 4) to base 2.
-1010
Convert -1e (base 16) to base 13.
-24
What is 0 (base 7) in base 8?
0
Convert -444 (base 6) to base 16.
-ac
Convert -3 (base 13) to base 7.
-3
Convert 10022 (base 3) to base 10.
89
What is -4 (base 15) in base 9?
-4
3023 (base 4) to base 15
d8
3 (base 15) to base 2
11
18 (base 14) to base 9
24
-64 (base 8) to base 13
-40
-2 (base 13) to base 11
-2
What is -10 (base 13) in base 16?
-d
Convert -1401 (base 5) to base 13.
-145
-67 (base 11) to base 12
-61
Convert 6 (base 11) to base 13.
6
What is 2 (base 15) in base 8?
2
Convert -125 (base 11) to base 16.
-94
Convert 201 (base 5) to base 12.
43
What is 303 (base 4) in base 7?
102
Convert 5 (base 11) to base 13.
5
What is 100021 (base 3) in base 2?
11111010
What is 74 (base 16) in base 11?
a6
What is 2 (base 10) in base 2?
10
What is -5 (base 6) in base 4?
-11
-1021 (base 3) to base 8
-42
What is 2c (base 14) in base 10?
40
What is 14 (base 8) in base 4?
30
-43 (base 5) to base 2
-10111
2b (base 13) to base 14
29
What is 4 (base 16) in base 6?
4
Convert -6 (base 7) to base 2.
-110
What is 202 (base 5) in base 2?
110100
18 (base 10) to base 9
20
What is 0 (base 9) in base 7?
0
What is -11 (base 7) in base 8?
-10
3 (base 11) to base 2
11
Convert -15 (base 6) to base 4.
-23
Convert -5 (base 16) to base 3.
-12
Convert -7 (base 16) to base 10.
-7
-8 (base 13) to base 9
-8
What is -13 (base 4) in base 14?
-7
What is 3 (base 14) in base 5?
3
What is -8 (base 12) in base 9?
-8
10 (base 5) to base 12
5
Convert 2 (base 7) to base 9.
2
What is 3 (base 5) in base 10?
3
What is 101000 (base 2) in base 14?
2c
What is -1222 (base 3) in base 13?
-41
71 (base 16) to base 7
221
1 (base 2) to base 5
1
30 (base 12) to base 16
24
What is -9 (base 12) in base 3?
-100
Convert -3 (base 10) to base 15.
-3
30 (base 5) to base 10
15
-4 (base 7) to base 15
-4
What is -21 (base 9) in base 7?
-25
6 (base 16) to base 3
20
Convert 9 (base 15) to base 3.
100
What is -1 (base 10) in base 5?
-1
-2 (base 11) to base 13
-2
Convert 21 (base 4) to base 11.
9
-23 (base 6) to base 12
-13
-11 (base 3) to base 14
-4
Convert -611 (base 8) to base 3.
-112120
What is -3 (base 10) in base 2?
-11
What is 0 (base 9) in base 13?
0
What is -564 (base 7) in base 8?
-443
Convert -1311 (base 4) to base 7.
-225
What is 0 (base 4) in base 10?
0
Convert -35 (base 15) to base 4.
-302
What is -3 (base 6) in base 11?
-3
What is -10 (base 13) in base 11?
-12
Convert -162 (base 8) to base 10.
-114
What is 4 (base 10) in base 12?
4
0 (base 5) to base 6
0
What is -6 (base 14) in base 5?
-11
-177 (base 12) to base 4
-3223
What is -8 (base 15) in base 11?
-8
Convert 7 (base 9) to base 4.
13
What is -121 (base 3) in base 2?
-10000
Convert 2221 (base 3) to base 15.
54
Convert -95 (base 14) to base 12.
-ab
Convert 2 (base 5) to base 6.
2
What is 1 (base 5) in base 12?
1
-178 (base 14) to base 7
-611
Convert 14 (base 12) to base 11.
15
3 (base 16) to base 12
3
What is 2 (base 16) in base 3?
2
2 (base 16) to base 7
2
Convert 0 (base 4) to base 8.
0
Convert 14 (base 10) to base 15.
e
Convert -1 (base 4) to base 16.
-1
Convert 3a (base 12) to base 13.
37
0 (base 12) to base 3
0
What is 41 (base 14) in base 13?
45
10010 (base 2) to base 6
30
12 (base 6) to base 2
1000
-2 (base 8) to base 4
-2
What is -3 (base 15) in base 6?
-3
-19 (base 12) to base 11
-1a
Convert -6e (base 16) to base 15.
-75
21 (base 3) to base 11
7
What is 60 (base 9) in base 2?
110110
Convert 6 (base 14) to base 13.
6
Convert -49 (base 15) to base 6.
-153
Convert -361 (base 8) to base 16.
-f1
Convert 2 (base 13) to base 9.
2
0 (base 10) to base 2
0
What is -1001 (base 4) in base 14?
-49
What is -22 (base 6) in base 14?
-10
Convert -112 (base 15) to base 12.
-182
Convert 1 (base 15) to base 7.
1
Convert -6e (base 16) to base 3.
-11002
What is -9 (base 14) in base 8?
-11
What is -101011 (base 2) in base 3?
-1121
What is -13 (base 10) in base 13?
-10
What is 19 (base 12) in base 9?
23
43 (base 6) to base 7
36
What is -124 (base 8) in base 13?
-66
24 (base 6) to base 15
11
-34 (base 11) to base 13
-2b
28 (base 14) to base 5
121
Convert -2 (base 5) to base 8.
-2
Convert -5 (base 7) to base 8.
-5
10 (base 8) to base 6
12
Convert 4 (base 6) to base 10.
4
-431 (base 6) to base 5
-1123
2 (base 11) to base 12
2
Convert -6 (base 10) to base 9.
-6
Convert -23 (base 4) to base 16.
-b
4a (base 15) to base 12
5a
7a (base 14) to base 4
1230
What is -1 (base 11) in base 15?
-1
What is 2003 (base 4) in base 16?
83
0 (base 11) to base 15
0
-a (base 12) to base 4
-22
0 (base 14) to base 10
0
What is -1033 (base 7) in base 14?
-1c3
What is -1011 (base 2) in base 10?
-11
9a (base 12) to base 7
226
What is -11100000 (base 2) in base 16?
-e0
What is 12 (base 7) in base 16?
9
-3 (base 16) to base 4
-3
-10010 (base 2) to base 12
-16
Convert 10 (base 2) to base 15.
2
What is -7 (base 14) in base 6?
-11
221 (base 6) to base 16
55
-10012 (base 3) to base 12
-72
Convert -10 (base 9) to base 13.
-9
What is -7 (base 12) in base 13?
-7
Convert 69 (base 15) to base 3.
10200
Convert -49 (base 14) to base 8.
-101
Convert -7 (base 15) to base 10.
-7
What is 10 (base 11) in base 2?
1011
What is 3 (base 6) in base 5?
3
34 (base 10) to base 12
2a
Convert -182 (base 9) to base 7.
-311
2 (base 3) to base 13
2
Convert -3 (base 8) to base 9.
-3
Convert 8 (base 15) to base 3.
22
115 (base 6) to base 16
2f
What is 4 (base 5) in base 3?
11
112 (base 4) to base 8
26
12 (base 5) to base 15
7
Convert -200 (base 10) to base 9.
-242
What is -4 (base 10) in base 4?
-10
1010111 (base 2) to base 7
153
78 (base 13) to base 16
63
10 (base 13) to base 9
14
What is 11000 (base 3) in base 4?
1230
101 (base 3) to base 12
a
Convert -2 (base 8) to base 9.
-2
-95 (base 10) to base 5
-340
Convert -11 (base 2) to base 4.
-3
What is -1d (base 15) in base 12?
-24
What is -6 (base 9) in base 7?
-6
7 (base 15) to base 12
7
What is -1 (base 4) in base 3?
-1
What is 1 (base 3) in base 2?
1
What is 76 (base 14) in base 11?
95
What is 7 (base 15) in base 11?
7
Convert -110001 (base 2) to base 7.
-100
What is -8a (base 13) in base 2?
-1110010
Convert 135 (base 10) to base 5.
1020
What is -14 (base 6) in base 16?
-a
What is -11 (base 13) in base 2?
-1110
3 (base 12) to base 13
3
2 (base 5) to base 4
2
Convert 11 (base 2) to base 10.
3
Convert 0 (base 8) to base 12.
0
41 (base 9) to base 7
52
23 (base 5) to base 11
12
Convert -99 (base 10) to base 12.
-83
Convert -30 (base 8) to base 16.
-18
11 (base 2) to base 9
3
What is -100 (base 3) in base 2?
-1001
Convert 0 (base 4) to base 12.
0
What is -303 (base 6) in base 11?
-a1
Conve